{"id":5680,"date":"2022-10-19T04:08:22","date_gmt":"2022-10-19T04:08:22","guid":{"rendered":"https:\/\/sexshopbajolassabanas.mx\/?post_type=product&#038;p=5680"},"modified":"2023-12-21T20:04:36","modified_gmt":"2023-12-21T20:04:36","slug":"bolas-kegel-bolas-chinas-kit","status":"publish","type":"product","link":"https:\/\/sexshopbajolassabanas.mx\/?product=bolas-kegel-bolas-chinas-kit","title":{"rendered":"Bolas kegel\/ bolas chinas kit"},"content":{"rendered":"<p><b>\u00a1Mi suelo p\u00e9lvico est\u00e1 m\u00e1s fuerte que nunca!<\/b><\/p>\n<p><span style=\"font-weight: 400;\">Las<\/span><span style=\"font-weight: 400;\"> bolas chinas kegel <\/span><span style=\"font-weight: 400;\">multifunci\u00f3n son perfectas para principiantes y expertos por igual, <\/span><span style=\"font-weight: 400;\">\u00bfpara qu\u00e9 sirven las bolas chinas?<\/span><span style=\"font-weight: 400;\"> puede hacer que los m\u00fasculos vaginales sean fuertes, mejorar el control de la vejiga, sublimar sus relaciones sexuales. Y ayuda a facilitar el parto y la recuperaci\u00f3n. F\u00e1cil de usar en cualquier lugar y en cualquier momento. Disfruta en casa, en el trabajo o en el camino de las <\/span><span style=\"font-weight: 400;\">bolas chinas.<\/span><\/p>\n<p><span style=\"font-weight: 400;\">Aspecto elegante, dise\u00f1o en forma de gran bola de silicona. Ajuste ergon\u00f3mico perfecto.<\/span><\/p>\n<p><span style=\"font-weight: 400;\">El cord\u00f3n extra\u00edble es suave y suave, hace que sea f\u00e1cil tener una punta redonda alrededor de su punto G.<\/span><\/p>\n<p><b>Presentaci\u00f3n: <\/b><span style=\"font-weight: 400;\">4 bolas\u00a0 chinas juguetes de peso diferentes para ir aumentando la tonificaci\u00f3n del suelo p\u00e9lvico<\/span><\/p>\n<p><span style=\"font-weight: 400;\">La bola rosa es de 30 g, la bola rosa es de 40 g, la bola fucsia es de 50 g, la bola fucsia es de 60 g, bolas diferentes para el ejercicio de m\u00fasculos vaginales de diferentes per\u00edodos.<\/span><\/p>\n<p><b>Forma de Uso:<\/b><\/p>\n<ol>\n<li><span style=\"font-weight: 400;\"> Utiliza la bola rosa de 30 g sola\u00a0 por primera vez (1 semana).<\/span><\/li>\n<li><span style=\"font-weight: 400;\"> Utiliza la bola rosa de 40 g\u00a0 (la segunda semana).<\/span><\/li>\n<li><span style=\"font-weight: 400;\"> Utiliza la bola combinada fucsia \u00a0 (semana 3 y 4).<\/span><\/li>\n<li><span style=\"font-weight: 400;\"> Utiliza una bola combinada de\u00a0 fucsia 50 g\u00a0 y rosa 30 g\u00a0 (semana 5 y 6).<\/span><\/li>\n<li><span style=\"font-weight: 400;\"> Utiliza una bola combinada de\u00a0 fucsia\u00a0 y rosa\u00a0 60 g y 40 g\u00a0 (semana 7 y 8).<\/span><\/li>\n<\/ol>\n<p><b>Cuidados:<\/b><span style=\"font-weight: 400;\"> Despu\u00e9s del uso se recomienda limpiarlo con agua y jab\u00f3n suave sin aroma o con nuestros <\/span><span style=\"font-weight: 400;\">limpiadores para juguetes. <\/span><span style=\"font-weight: 400;\">Cons\u00e9rvese cerrado en un lugar fresco no mayor a 30\u00ba. Prot\u00e9jase de la luz solar y el polvo con nuestra bolsa hipoalerg\u00e9nica y antibacteriana.<\/span><\/p>\n<p><span style=\"font-weight: 400;\">\u00a0El mejor juguete sexual para adultos.<\/span><\/p>\n<p><span style=\"font-weight: 400;\">2. Dise\u00f1o impermeable, adecuado para uso en el ba\u00f1o.<\/span><\/p>\n<p><span style=\"font-weight: 400;\">3. Superficie lisa como la piel en contacto.<\/span><\/p>\n<p><span style=\"font-weight: 400;\">4. Dise\u00f1o lujoso y noble, es necesario para las mujeres.<\/span><\/p>\n<p><span style=\"font-weight: 400;\">5. material de silicona m\u00e9dica de alta calidad, sin olor.<\/span><\/p>\n<p><strong>Uso:<\/strong><\/p>\n<p><span style=\"font-weight: 400;\">1. A\u00f1ade un poco de lubricante a la bola de kegel.<\/span><\/p>\n<p><span style=\"font-weight: 400;\">2. Abre las piernas, relaja la vagina, empuja la bola lentamente hacia la vagina.<\/span><\/p>\n<p><span style=\"font-weight: 400;\">3. Despu\u00e9s de eso, puedes hacer algo de ejercicio, como caminar, nadar, hacer trabajo dom\u00e9stico, la bola de metal chocar\u00e1 con la superficie interior mientras te mueves.<\/span><\/p>\n<p><span style=\"font-weight: 400;\">4. L\u00edmpielo antes y despu\u00e9s de su uso con jab\u00f3n y agua tibia, luego d\u00e9jelo secar naturalmente en el aire.<\/span><\/p>\n<p><span style=\"font-weight: 400;\">5. Puedes comenzar con una bola peque\u00f1a primero, luego una bola mediana y grande.<\/span><\/p>\n<p><span style=\"font-weight: 400;\">6. Sugerimos usarlo aproximadamente media hora al principio todos los d\u00edas, despu\u00e9s de un mes, puede cambiar para usar una bola m\u00e1s grande.<\/span><\/p>\n","protected":false},"excerpt":{"rendered":"<p>Bolas kegel desde principiante hasta avanzado fortalece tu suelo p\u00e9lvico<\/p>\n","protected":false},"featured_media":5681,"comment_status":"open","ping_status":"closed","template":"","meta":{"om_disable_all_campaigns":false,"site-sidebar-layout":"default","site-content-layout":"default","ast-site-content-layout":"","site-content-style":"default","site-sidebar-style":"default","ast-global-header-display":"","ast-banner-title-visibility":"","ast-main-header-display":"","ast-hfb-above-header-display":"disabled","ast-hfb-below-header-display":"","ast-hfb-mobile-header-display":"","site-post-title":"","ast-breadcrumbs-content":"","ast-featured-img":"","footer-sml-layout":"","theme-transparent-header-meta":"default","adv-header-id-meta":"","stick-header-meta":"","header-above-stick-meta":"","header-main-stick-meta":"","header-below-stick-meta":"","astra-migrate-meta-layouts":"default","ast-page-background-enabled":"default","ast-page-background-meta":{"desktop":{"background-color":"","background-image":"","background-repeat":"repeat","background-position":"center center","background-size":"auto","background-attachment":"scroll","background-type":"","background-media":"","overlay-type":"","overlay-color":"","overlay-opacity":"","overlay-gradient":""},"tablet":{"background-color":"","background-image":"","background-repeat":"repeat","background-position":"center center","background-size":"auto","background-attachment":"scroll","background-type":"","background-media":"","overlay-type":"","overlay-color":"","overlay-opacity":"","overlay-gradient":""},"mobile":{"background-color":"","background-image":"","background-repeat":"repeat","background-position":"center center","background-size":"auto","background-attachment":"scroll","background-type":"","background-media":"","overlay-type":"","overlay-color":"","overlay-opacity":"","overlay-gradient":""}},"ast-content-background-meta":{"desktop":{"background-color":"var(--ast-global-color-5)","background-image":"","background-repeat":"repeat","background-position":"center center","background-size":"auto","background-attachment":"scroll","background-type":"","background-media":"","overlay-type":"","overlay-color":"","overlay-opacity":"","overlay-gradient":""},"tablet":{"background-color":"var(--ast-global-color-5)","background-image":"","background-repeat":"repeat","background-position":"center center","background-size":"auto","background-attachment":"scroll","background-type":"","background-media":"","overlay-type":"","overlay-color":"","overlay-opacity":"","overlay-gradient":""},"mobile":{"background-color":"var(--ast-global-color-5)","background-image":"","background-repeat":"repeat","background-position":"center center","background-size":"auto","background-attachment":"scroll","background-type":"","background-media":"","overlay-type":"","overlay-color":"","overlay-opacity":"","overlay-gradient":""}},"_joinchat":[]},"product_cat":[104,103,48],"product_tag":[],"giftcard-category":[],"class_list":{"0":"post-5680","1":"product","2":"type-product","3":"status-publish","4":"has-post-thumbnail","6":"product_cat-bolas-kegel-chinas","7":"product_cat-kits","8":"product_cat-sabaneras","9":"desktop-align-left","10":"tablet-align-left","11":"mobile-align-left","13":"first","14":"instock","15":"taxable","16":"shipping-taxable","17":"purchasable","18":"product-type-simple"},"yoast_head":"<!-- This site is optimized with the Yoast SEO plugin v20.5 - https:\/\/yoast.com\/wordpress\/plugins\/seo\/ -->\n<title>Bolas kegel\/ bolas chinas kit - sexshopbajolassabanas.mx<\/title>\n<meta name=\"robots\" content=\"index, follow, max-snippet:-1, max-image-preview:large, max-video-preview:-1\" \/>\n<link rel=\"canonical\" href=\"https:\/\/sexshopbajolassabanas.mx\/?product=bolas-kegel-bolas-chinas-kit\" \/>\n<meta property=\"og:locale\" content=\"es_MX\" \/>\n<meta property=\"og:type\" content=\"article\" \/>\n<meta property=\"og:title\" content=\"Bolas kegel\/ bolas chinas kit - sexshopbajolassabanas.mx\" \/>\n<meta property=\"og:description\" content=\"Bolas kegel desde principiante hasta avanzado fortalece tu suelo p\u00e9lvico\" \/>\n<meta property=\"og:url\" content=\"https:\/\/sexshopbajolassabanas.mx\/?product=bolas-kegel-bolas-chinas-kit\" \/>\n<meta property=\"og:site_name\" content=\"sexshopbajolassabanas.mx\" \/>\n<meta property=\"article:modified_time\" content=\"2023-12-21T20:04:36+00:00\" \/>\n<meta property=\"og:image\" content=\"http:\/\/sexshopbajolassabanas.mx\/wp-content\/uploads\/2022\/10\/Con-sombra-we-love-.png\" \/>\n\t<meta property=\"og:image:width\" content=\"1080\" \/>\n\t<meta property=\"og:image:height\" content=\"1080\" \/>\n\t<meta property=\"og:image:type\" content=\"image\/png\" \/>\n<meta name=\"twitter:card\" content=\"summary_large_image\" \/>\n<meta name=\"twitter:label1\" content=\"Tiempo de lectura\" \/>\n\t<meta name=\"twitter:data1\" content=\"2 minutos\" \/>\n<script type=\"application\/ld+json\" class=\"yoast-schema-graph\">{\"@context\":\"https:\/\/schema.org\",\"@graph\":[{\"@type\":\"WebPage\",\"@id\":\"https:\/\/sexshopbajolassabanas.mx\/?product=bolas-kegel-bolas-chinas-kit\",\"url\":\"https:\/\/sexshopbajolassabanas.mx\/?product=bolas-kegel-bolas-chinas-kit\",\"name\":\"Bolas kegel\/ bolas chinas kit - sexshopbajolassabanas.mx\",\"isPartOf\":{\"@id\":\"https:\/\/sexshopbajolassabanas.mx\/#website\"},\"datePublished\":\"2022-10-19T04:08:22+00:00\",\"dateModified\":\"2023-12-21T20:04:36+00:00\",\"breadcrumb\":{\"@id\":\"https:\/\/sexshopbajolassabanas.mx\/?product=bolas-kegel-bolas-chinas-kit#breadcrumb\"},\"inLanguage\":\"es\",\"potentialAction\":[{\"@type\":\"ReadAction\",\"target\":[\"https:\/\/sexshopbajolassabanas.mx\/?product=bolas-kegel-bolas-chinas-kit\"]}]},{\"@type\":\"BreadcrumbList\",\"@id\":\"https:\/\/sexshopbajolassabanas.mx\/?product=bolas-kegel-bolas-chinas-kit#breadcrumb\",\"itemListElement\":[{\"@type\":\"ListItem\",\"position\":1,\"name\":\"Inicio\",\"item\":\"https:\/\/sexshopbajolassabanas.mx\/\"},{\"@type\":\"ListItem\",\"position\":2,\"name\":\"Tienda\",\"item\":\"https:\/\/sexshopbajolassabanas.mx\/?page_id=38\"},{\"@type\":\"ListItem\",\"position\":3,\"name\":\"Bolas kegel\/ bolas chinas kit\"}]},{\"@type\":\"WebSite\",\"@id\":\"https:\/\/sexshopbajolassabanas.mx\/#website\",\"url\":\"https:\/\/sexshopbajolassabanas.mx\/\",\"name\":\"sexshopbajolassabanas.mx\",\"description\":\"Sex Shop Bajo Las Sabanas\",\"publisher\":{\"@id\":\"https:\/\/sexshopbajolassabanas.mx\/#organization\"},\"potentialAction\":[{\"@type\":\"SearchAction\",\"target\":{\"@type\":\"EntryPoint\",\"urlTemplate\":\"https:\/\/sexshopbajolassabanas.mx\/?s={search_term_string}\"},\"query-input\":\"required name=search_term_string\"}],\"inLanguage\":\"es\"},{\"@type\":\"Organization\",\"@id\":\"https:\/\/sexshopbajolassabanas.mx\/#organization\",\"name\":\"sexshopbajolassabanas.mx\",\"url\":\"https:\/\/sexshopbajolassabanas.mx\/\",\"logo\":{\"@type\":\"ImageObject\",\"inLanguage\":\"es\",\"@id\":\"https:\/\/sexshopbajolassabanas.mx\/#\/schema\/logo\/image\/\",\"url\":\"https:\/\/sexshopbajolassabanas.mx\/wp-content\/uploads\/2022\/08\/cropped-cropped-Sin-titulo-2_Mesa-de-trabajo-1.png\",\"contentUrl\":\"https:\/\/sexshopbajolassabanas.mx\/wp-content\/uploads\/2022\/08\/cropped-cropped-Sin-titulo-2_Mesa-de-trabajo-1.png\",\"width\":375,\"height\":375,\"caption\":\"sexshopbajolassabanas.mx\"},\"image\":{\"@id\":\"https:\/\/sexshopbajolassabanas.mx\/#\/schema\/logo\/image\/\"}}]}<\/script>\n<!-- \/ Yoast SEO plugin. -->","yoast_head_json":{"title":"Bolas kegel\/ bolas chinas kit - sexshopbajolassabanas.mx","robots":{"index":"index","follow":"follow","max-snippet":"max-snippet:-1","max-image-preview":"max-image-preview:large","max-video-preview":"max-video-preview:-1"},"canonical":"https:\/\/sexshopbajolassabanas.mx\/?product=bolas-kegel-bolas-chinas-kit","og_locale":"es_MX","og_type":"article","og_title":"Bolas kegel\/ bolas chinas kit - sexshopbajolassabanas.mx","og_description":"Bolas kegel desde principiante hasta avanzado fortalece tu suelo p\u00e9lvico","og_url":"https:\/\/sexshopbajolassabanas.mx\/?product=bolas-kegel-bolas-chinas-kit","og_site_name":"sexshopbajolassabanas.mx","article_modified_time":"2023-12-21T20:04:36+00:00","og_image":[{"width":1080,"height":1080,"url":"http:\/\/sexshopbajolassabanas.mx\/wp-content\/uploads\/2022\/10\/Con-sombra-we-love-.png","type":"image\/png"}],"twitter_card":"summary_large_image","twitter_misc":{"Tiempo de lectura":"2 minutos"},"schema":{"@context":"https:\/\/schema.org","@graph":[{"@type":"WebPage","@id":"https:\/\/sexshopbajolassabanas.mx\/?product=bolas-kegel-bolas-chinas-kit","url":"https:\/\/sexshopbajolassabanas.mx\/?product=bolas-kegel-bolas-chinas-kit","name":"Bolas kegel\/ bolas chinas kit - sexshopbajolassabanas.mx","isPartOf":{"@id":"https:\/\/sexshopbajolassabanas.mx\/#website"},"datePublished":"2022-10-19T04:08:22+00:00","dateModified":"2023-12-21T20:04:36+00:00","breadcrumb":{"@id":"https:\/\/sexshopbajolassabanas.mx\/?product=bolas-kegel-bolas-chinas-kit#breadcrumb"},"inLanguage":"es","potentialAction":[{"@type":"ReadAction","target":["https:\/\/sexshopbajolassabanas.mx\/?product=bolas-kegel-bolas-chinas-kit"]}]},{"@type":"BreadcrumbList","@id":"https:\/\/sexshopbajolassabanas.mx\/?product=bolas-kegel-bolas-chinas-kit#breadcrumb","itemListElement":[{"@type":"ListItem","position":1,"name":"Inicio","item":"https:\/\/sexshopbajolassabanas.mx\/"},{"@type":"ListItem","position":2,"name":"Tienda","item":"https:\/\/sexshopbajolassabanas.mx\/?page_id=38"},{"@type":"ListItem","position":3,"name":"Bolas kegel\/ bolas chinas kit"}]},{"@type":"WebSite","@id":"https:\/\/sexshopbajolassabanas.mx\/#website","url":"https:\/\/sexshopbajolassabanas.mx\/","name":"sexshopbajolassabanas.mx","description":"Sex Shop Bajo Las Sabanas","publisher":{"@id":"https:\/\/sexshopbajolassabanas.mx\/#organization"},"potentialAction":[{"@type":"SearchAction","target":{"@type":"EntryPoint","urlTemplate":"https:\/\/sexshopbajolassabanas.mx\/?s={search_term_string}"},"query-input":"required name=search_term_string"}],"inLanguage":"es"},{"@type":"Organization","@id":"https:\/\/sexshopbajolassabanas.mx\/#organization","name":"sexshopbajolassabanas.mx","url":"https:\/\/sexshopbajolassabanas.mx\/","logo":{"@type":"ImageObject","inLanguage":"es","@id":"https:\/\/sexshopbajolassabanas.mx\/#\/schema\/logo\/image\/","url":"https:\/\/sexshopbajolassabanas.mx\/wp-content\/uploads\/2022\/08\/cropped-cropped-Sin-titulo-2_Mesa-de-trabajo-1.png","contentUrl":"https:\/\/sexshopbajolassabanas.mx\/wp-content\/uploads\/2022\/08\/cropped-cropped-Sin-titulo-2_Mesa-de-trabajo-1.png","width":375,"height":375,"caption":"sexshopbajolassabanas.mx"},"image":{"@id":"https:\/\/sexshopbajolassabanas.mx\/#\/schema\/logo\/image\/"}}]}},"_links":{"self":[{"href":"https:\/\/sexshopbajolassabanas.mx\/index.php?rest_route=\/wp\/v2\/product\/5680","targetHints":{"allow":["GET"]}}],"collection":[{"href":"https:\/\/sexshopbajolassabanas.mx\/index.php?rest_route=\/wp\/v2\/product"}],"about":[{"href":"https:\/\/sexshopbajolassabanas.mx\/index.php?rest_route=\/wp\/v2\/types\/product"}],"replies":[{"embeddable":true,"href":"https:\/\/sexshopbajolassabanas.mx\/index.php?rest_route=%2Fwp%2Fv2%2Fcomments&post=5680"}],"version-history":[{"count":1,"href":"https:\/\/sexshopbajolassabanas.mx\/index.php?rest_route=\/wp\/v2\/product\/5680\/revisions"}],"predecessor-version":[{"id":5682,"href":"https:\/\/sexshopbajolassabanas.mx\/index.php?rest_route=\/wp\/v2\/product\/5680\/revisions\/5682"}],"wp:featuredmedia":[{"embeddable":true,"href":"https:\/\/sexshopbajolassabanas.mx\/index.php?rest_route=\/wp\/v2\/media\/5681"}],"wp:attachment":[{"href":"https:\/\/sexshopbajolassabanas.mx\/index.php?rest_route=%2Fwp%2Fv2%2Fmedia&parent=5680"}],"wp:term":[{"taxonomy":"product_cat","embeddable":true,"href":"https:\/\/sexshopbajolassabanas.mx\/index.php?rest_route=%2Fwp%2Fv2%2Fproduct_cat&post=5680"},{"taxonomy":"product_tag","embeddable":true,"href":"https:\/\/sexshopbajolassabanas.mx\/index.php?rest_route=%2Fwp%2Fv2%2Fproduct_tag&post=5680"},{"taxonomy":"giftcard-category","embeddable":true,"href":"https:\/\/sexshopbajolassabanas.mx\/index.php?rest_route=%2Fwp%2Fv2%2Fgiftcard-category&post=5680"}],"curies":[{"name":"wp","href":"https:\/\/api.w.org\/{rel}","templated":true}]}}