{"id":6966,"date":"2023-03-26T19:00:07","date_gmt":"2023-03-26T19:00:07","guid":{"rendered":"https:\/\/sexshopbajolassabanas.mx\/?post_type=product&#038;p=6966"},"modified":"2023-03-26T19:00:09","modified_gmt":"2023-03-26T19:00:09","slug":"sex-oral-profundo-chicle","status":"publish","type":"product","link":"https:\/\/sexshopbajolassabanas.mx\/?product=sex-oral-profundo-chicle","title":{"rendered":"Sex oral profundo &#8211; Chicle"},"content":{"rendered":"<h3 class=\"font_8\"><span style=\"color: #ff99cc;\">Chicle para incrementar la potencia sexual y retardar la eyaculaci\u00f3n<\/span><\/h3>\n<p>&nbsp;<\/p>\n<p><span style=\"font-weight: 400;\">En <a href=\"https:\/\/sexshopbajolassabanas.mx\">Bajo las Sabanas<\/a> traemos para ti un dulce para <a href=\"https:\/\/www.antena3.com\/novamas\/vida\/trucos-sexo-oral-perfecto_202003275e7dbd78d41df90001c3f3a5.html\">sex oral<\/a> profundo para complacer a tu pareja. <\/span><\/p>\n<p><span style=\"font-weight: 400;\">Tambi\u00e9n son discretos en la toma, nadie se dar\u00e1 cuenta, inclusive si lo toman enfrente de personas ya que son unos simples chicles que traen por dentro la magia del placer. <\/span><\/p>\n<p><span style=\"font-weight: 400;\">Los Magic sweet ciertamente te permitir\u00e1n la practica oral profunda sin molestias, es tambi\u00e9n parte de lo rico de estar con nuestras parejas es estar complacidos y complacer con una rico sexo oral y que mejor sin interrupciones por las molestias que aveces puede llegara a provocar esta pr\u00e1ctica, olv\u00eddate de esto con nuestros chicles.<\/span><\/p>\n<p><span style=\"font-weight: 400;\">De hecho los chicles para sexo tambi\u00e9n oral eliminan la sensaci\u00f3n de arcadas y producen una mayor salivaci\u00f3n al instante para complacer a tu parejas ademas de dar un rico sabor. <\/span><\/p>\n<p><span style=\"font-weight: 400;\">Generan una sensaci\u00f3n de anestesia temporal del \u00e1rea de la faringe para poder eliminar cualquier molestias durante el sex oral profundo.<\/span><\/p>\n<p>Los chicles se pueden mezclar libremente con bebidas alcoh\u00f3licas sin ning\u00fan efecto secundario.<\/p>\n<p><b>Presentaci\u00f3n:\u00a0<\/b>Cartera con 24 chicles<\/p>\n<p><b>Modo de uso: <\/b>Mastica 2 tabletas durante la actividad el efecto es inmediato y el placer es prolongado<\/p>\n<p><b>Cuidados:\u00a0<\/b><span style=\"font-weight: 400;\">Mant\u00e9ngase en un lugar fresco y lejos del alcance de ni\u00f1os.<\/span><\/p>\n<p>&nbsp;<\/p>\n","protected":false},"excerpt":{"rendered":"<p>Chicles para sex oral profundo. Dise\u00f1ado para estimular gl\u00e1ndulas salivales, eliminar el reflejo far\u00edngeo, permitiendo una experiencia oral llena de placer y sin malestares ni incomodidades, refresca la boca y garganta logrando sensaciones intensas en la pareja.<\/p>\n","protected":false},"featured_media":6968,"comment_status":"open","ping_status":"closed","template":"","meta":{"om_disable_all_campaigns":false,"site-sidebar-layout":"default","site-content-layout":"default","ast-site-content-layout":"","site-content-style":"default","site-sidebar-style":"default","ast-global-header-display":"","ast-banner-title-visibility":"","ast-main-header-display":"","ast-hfb-above-header-display":"disabled","ast-hfb-below-header-display":"","ast-hfb-mobile-header-display":"","site-post-title":"","ast-breadcrumbs-content":"","ast-featured-img":"","footer-sml-layout":"","theme-transparent-header-meta":"default","adv-header-id-meta":"","stick-header-meta":"","header-above-stick-meta":"","header-main-stick-meta":"","header-below-stick-meta":"","astra-migrate-meta-layouts":"default","ast-page-background-enabled":"default","ast-page-background-meta":{"desktop":{"background-color":"","background-image":"","background-repeat":"repeat","background-position":"center center","background-size":"auto","background-attachment":"scroll","background-type":"","background-media":"","overlay-type":"","overlay-color":"","overlay-opacity":"","overlay-gradient":""},"tablet":{"background-color":"","background-image":"","background-repeat":"repeat","background-position":"center center","background-size":"auto","background-attachment":"scroll","background-type":"","background-media":"","overlay-type":"","overlay-color":"","overlay-opacity":"","overlay-gradient":""},"mobile":{"background-color":"","background-image":"","background-repeat":"repeat","background-position":"center center","background-size":"auto","background-attachment":"scroll","background-type":"","background-media":"","overlay-type":"","overlay-color":"","overlay-opacity":"","overlay-gradient":""}},"ast-content-background-meta":{"desktop":{"background-color":"var(--ast-global-color-5)","background-image":"","background-repeat":"repeat","background-position":"center center","background-size":"auto","background-attachment":"scroll","background-type":"","background-media":"","overlay-type":"","overlay-color":"","overlay-opacity":"","overlay-gradient":""},"tablet":{"background-color":"var(--ast-global-color-5)","background-image":"","background-repeat":"repeat","background-position":"center center","background-size":"auto","background-attachment":"scroll","background-type":"","background-media":"","overlay-type":"","overlay-color":"","overlay-opacity":"","overlay-gradient":""},"mobile":{"background-color":"var(--ast-global-color-5)","background-image":"","background-repeat":"repeat","background-position":"center center","background-size":"auto","background-attachment":"scroll","background-type":"","background-media":"","overlay-type":"","overlay-color":"","overlay-opacity":"","overlay-gradient":""}},"_joinchat":[]},"product_cat":[114,70,65,108,228,48,40],"product_tag":[],"giftcard-category":[],"class_list":{"0":"post-6966","1":"product","2":"type-product","3":"status-publish","4":"has-post-thumbnail","6":"product_cat-comestibles","7":"product_cat-juegos-eroticos","8":"product_cat-rendimiento-sexual","9":"product_cat-rendimiento-sexual-el","10":"product_cat-rendimiento-sexual-ella","11":"product_cat-sabaneras","12":"product_cat-sabaneros","13":"desktop-align-left","14":"tablet-align-left","15":"mobile-align-left","17":"first","18":"instock","19":"taxable","20":"shipping-taxable","21":"purchasable","22":"product-type-simple"},"yoast_head":"<!-- This site is optimized with the Yoast SEO plugin v20.5 - https:\/\/yoast.com\/wordpress\/plugins\/seo\/ -->\n<title>Sex oral profundo - Chicle - sexshopbajolassabanas.mx<\/title>\n<meta name=\"description\" content=\"Chicles para sex oral profundo. Dise\u00f1ado para estimular gl\u00e1ndulas salivales, eliminar el reflejo far\u00edngeo, permitiendo una experiencia oral llena de placer.\" \/>\n<meta name=\"robots\" content=\"index, follow, max-snippet:-1, max-image-preview:large, max-video-preview:-1\" \/>\n<link rel=\"canonical\" href=\"https:\/\/sexshopbajolassabanas.mx\/?product=sex-oral-profundo-chicle\" \/>\n<meta property=\"og:locale\" content=\"es_MX\" \/>\n<meta property=\"og:type\" content=\"article\" \/>\n<meta property=\"og:title\" content=\"Sex oral profundo - Chicle - sexshopbajolassabanas.mx\" \/>\n<meta property=\"og:description\" content=\"Chicles para sex oral profundo. Dise\u00f1ado para estimular gl\u00e1ndulas salivales, eliminar el reflejo far\u00edngeo, permitiendo una experiencia oral llena de placer.\" \/>\n<meta property=\"og:url\" content=\"https:\/\/sexshopbajolassabanas.mx\/?product=sex-oral-profundo-chicle\" \/>\n<meta property=\"og:site_name\" content=\"sexshopbajolassabanas.mx\" \/>\n<meta property=\"article:modified_time\" content=\"2023-03-26T19:00:09+00:00\" \/>\n<meta property=\"og:image\" content=\"http:\/\/sexshopbajolassabanas.mx\/wp-content\/uploads\/2023\/03\/Sex-oral-1.png\" \/>\n\t<meta property=\"og:image:width\" content=\"1080\" \/>\n\t<meta property=\"og:image:height\" content=\"1080\" \/>\n\t<meta property=\"og:image:type\" content=\"image\/png\" \/>\n<meta name=\"twitter:card\" content=\"summary_large_image\" \/>\n<meta name=\"twitter:label1\" content=\"Tiempo de lectura\" \/>\n\t<meta name=\"twitter:data1\" content=\"1 minuto\" \/>\n<script type=\"application\/ld+json\" class=\"yoast-schema-graph\">{\"@context\":\"https:\/\/schema.org\",\"@graph\":[{\"@type\":\"WebPage\",\"@id\":\"https:\/\/sexshopbajolassabanas.mx\/?product=sex-oral-profundo-chicle\",\"url\":\"https:\/\/sexshopbajolassabanas.mx\/?product=sex-oral-profundo-chicle\",\"name\":\"Sex oral profundo - Chicle - sexshopbajolassabanas.mx\",\"isPartOf\":{\"@id\":\"https:\/\/sexshopbajolassabanas.mx\/#website\"},\"datePublished\":\"2023-03-26T19:00:07+00:00\",\"dateModified\":\"2023-03-26T19:00:09+00:00\",\"description\":\"Chicles para sex oral profundo. Dise\u00f1ado para estimular gl\u00e1ndulas salivales, eliminar el reflejo far\u00edngeo, permitiendo una experiencia oral llena de placer.\",\"breadcrumb\":{\"@id\":\"https:\/\/sexshopbajolassabanas.mx\/?product=sex-oral-profundo-chicle#breadcrumb\"},\"inLanguage\":\"es\",\"potentialAction\":[{\"@type\":\"ReadAction\",\"target\":[\"https:\/\/sexshopbajolassabanas.mx\/?product=sex-oral-profundo-chicle\"]}]},{\"@type\":\"BreadcrumbList\",\"@id\":\"https:\/\/sexshopbajolassabanas.mx\/?product=sex-oral-profundo-chicle#breadcrumb\",\"itemListElement\":[{\"@type\":\"ListItem\",\"position\":1,\"name\":\"Inicio\",\"item\":\"https:\/\/sexshopbajolassabanas.mx\/\"},{\"@type\":\"ListItem\",\"position\":2,\"name\":\"Tienda\",\"item\":\"https:\/\/sexshopbajolassabanas.mx\/?page_id=38\"},{\"@type\":\"ListItem\",\"position\":3,\"name\":\"Sex oral profundo &#8211; Chicle\"}]},{\"@type\":\"WebSite\",\"@id\":\"https:\/\/sexshopbajolassabanas.mx\/#website\",\"url\":\"https:\/\/sexshopbajolassabanas.mx\/\",\"name\":\"sexshopbajolassabanas.mx\",\"description\":\"Sex Shop Bajo Las Sabanas\",\"publisher\":{\"@id\":\"https:\/\/sexshopbajolassabanas.mx\/#organization\"},\"potentialAction\":[{\"@type\":\"SearchAction\",\"target\":{\"@type\":\"EntryPoint\",\"urlTemplate\":\"https:\/\/sexshopbajolassabanas.mx\/?s={search_term_string}\"},\"query-input\":\"required name=search_term_string\"}],\"inLanguage\":\"es\"},{\"@type\":\"Organization\",\"@id\":\"https:\/\/sexshopbajolassabanas.mx\/#organization\",\"name\":\"sexshopbajolassabanas.mx\",\"url\":\"https:\/\/sexshopbajolassabanas.mx\/\",\"logo\":{\"@type\":\"ImageObject\",\"inLanguage\":\"es\",\"@id\":\"https:\/\/sexshopbajolassabanas.mx\/#\/schema\/logo\/image\/\",\"url\":\"https:\/\/sexshopbajolassabanas.mx\/wp-content\/uploads\/2022\/08\/cropped-cropped-Sin-titulo-2_Mesa-de-trabajo-1.png\",\"contentUrl\":\"https:\/\/sexshopbajolassabanas.mx\/wp-content\/uploads\/2022\/08\/cropped-cropped-Sin-titulo-2_Mesa-de-trabajo-1.png\",\"width\":375,\"height\":375,\"caption\":\"sexshopbajolassabanas.mx\"},\"image\":{\"@id\":\"https:\/\/sexshopbajolassabanas.mx\/#\/schema\/logo\/image\/\"}}]}<\/script>\n<!-- \/ Yoast SEO plugin. -->","yoast_head_json":{"title":"Sex oral profundo - Chicle - sexshopbajolassabanas.mx","description":"Chicles para sex oral profundo. Dise\u00f1ado para estimular gl\u00e1ndulas salivales, eliminar el reflejo far\u00edngeo, permitiendo una experiencia oral llena de placer.","robots":{"index":"index","follow":"follow","max-snippet":"max-snippet:-1","max-image-preview":"max-image-preview:large","max-video-preview":"max-video-preview:-1"},"canonical":"https:\/\/sexshopbajolassabanas.mx\/?product=sex-oral-profundo-chicle","og_locale":"es_MX","og_type":"article","og_title":"Sex oral profundo - Chicle - sexshopbajolassabanas.mx","og_description":"Chicles para sex oral profundo. Dise\u00f1ado para estimular gl\u00e1ndulas salivales, eliminar el reflejo far\u00edngeo, permitiendo una experiencia oral llena de placer.","og_url":"https:\/\/sexshopbajolassabanas.mx\/?product=sex-oral-profundo-chicle","og_site_name":"sexshopbajolassabanas.mx","article_modified_time":"2023-03-26T19:00:09+00:00","og_image":[{"width":1080,"height":1080,"url":"http:\/\/sexshopbajolassabanas.mx\/wp-content\/uploads\/2023\/03\/Sex-oral-1.png","type":"image\/png"}],"twitter_card":"summary_large_image","twitter_misc":{"Tiempo de lectura":"1 minuto"},"schema":{"@context":"https:\/\/schema.org","@graph":[{"@type":"WebPage","@id":"https:\/\/sexshopbajolassabanas.mx\/?product=sex-oral-profundo-chicle","url":"https:\/\/sexshopbajolassabanas.mx\/?product=sex-oral-profundo-chicle","name":"Sex oral profundo - Chicle - sexshopbajolassabanas.mx","isPartOf":{"@id":"https:\/\/sexshopbajolassabanas.mx\/#website"},"datePublished":"2023-03-26T19:00:07+00:00","dateModified":"2023-03-26T19:00:09+00:00","description":"Chicles para sex oral profundo. Dise\u00f1ado para estimular gl\u00e1ndulas salivales, eliminar el reflejo far\u00edngeo, permitiendo una experiencia oral llena de placer.","breadcrumb":{"@id":"https:\/\/sexshopbajolassabanas.mx\/?product=sex-oral-profundo-chicle#breadcrumb"},"inLanguage":"es","potentialAction":[{"@type":"ReadAction","target":["https:\/\/sexshopbajolassabanas.mx\/?product=sex-oral-profundo-chicle"]}]},{"@type":"BreadcrumbList","@id":"https:\/\/sexshopbajolassabanas.mx\/?product=sex-oral-profundo-chicle#breadcrumb","itemListElement":[{"@type":"ListItem","position":1,"name":"Inicio","item":"https:\/\/sexshopbajolassabanas.mx\/"},{"@type":"ListItem","position":2,"name":"Tienda","item":"https:\/\/sexshopbajolassabanas.mx\/?page_id=38"},{"@type":"ListItem","position":3,"name":"Sex oral profundo &#8211; Chicle"}]},{"@type":"WebSite","@id":"https:\/\/sexshopbajolassabanas.mx\/#website","url":"https:\/\/sexshopbajolassabanas.mx\/","name":"sexshopbajolassabanas.mx","description":"Sex Shop Bajo Las Sabanas","publisher":{"@id":"https:\/\/sexshopbajolassabanas.mx\/#organization"},"potentialAction":[{"@type":"SearchAction","target":{"@type":"EntryPoint","urlTemplate":"https:\/\/sexshopbajolassabanas.mx\/?s={search_term_string}"},"query-input":"required name=search_term_string"}],"inLanguage":"es"},{"@type":"Organization","@id":"https:\/\/sexshopbajolassabanas.mx\/#organization","name":"sexshopbajolassabanas.mx","url":"https:\/\/sexshopbajolassabanas.mx\/","logo":{"@type":"ImageObject","inLanguage":"es","@id":"https:\/\/sexshopbajolassabanas.mx\/#\/schema\/logo\/image\/","url":"https:\/\/sexshopbajolassabanas.mx\/wp-content\/uploads\/2022\/08\/cropped-cropped-Sin-titulo-2_Mesa-de-trabajo-1.png","contentUrl":"https:\/\/sexshopbajolassabanas.mx\/wp-content\/uploads\/2022\/08\/cropped-cropped-Sin-titulo-2_Mesa-de-trabajo-1.png","width":375,"height":375,"caption":"sexshopbajolassabanas.mx"},"image":{"@id":"https:\/\/sexshopbajolassabanas.mx\/#\/schema\/logo\/image\/"}}]}},"_links":{"self":[{"href":"https:\/\/sexshopbajolassabanas.mx\/index.php?rest_route=\/wp\/v2\/product\/6966","targetHints":{"allow":["GET"]}}],"collection":[{"href":"https:\/\/sexshopbajolassabanas.mx\/index.php?rest_route=\/wp\/v2\/product"}],"about":[{"href":"https:\/\/sexshopbajolassabanas.mx\/index.php?rest_route=\/wp\/v2\/types\/product"}],"replies":[{"embeddable":true,"href":"https:\/\/sexshopbajolassabanas.mx\/index.php?rest_route=%2Fwp%2Fv2%2Fcomments&post=6966"}],"version-history":[{"count":2,"href":"https:\/\/sexshopbajolassabanas.mx\/index.php?rest_route=\/wp\/v2\/product\/6966\/revisions"}],"predecessor-version":[{"id":6991,"href":"https:\/\/sexshopbajolassabanas.mx\/index.php?rest_route=\/wp\/v2\/product\/6966\/revisions\/6991"}],"wp:featuredmedia":[{"embeddable":true,"href":"https:\/\/sexshopbajolassabanas.mx\/index.php?rest_route=\/wp\/v2\/media\/6968"}],"wp:attachment":[{"href":"https:\/\/sexshopbajolassabanas.mx\/index.php?rest_route=%2Fwp%2Fv2%2Fmedia&parent=6966"}],"wp:term":[{"taxonomy":"product_cat","embeddable":true,"href":"https:\/\/sexshopbajolassabanas.mx\/index.php?rest_route=%2Fwp%2Fv2%2Fproduct_cat&post=6966"},{"taxonomy":"product_tag","embeddable":true,"href":"https:\/\/sexshopbajolassabanas.mx\/index.php?rest_route=%2Fwp%2Fv2%2Fproduct_tag&post=6966"},{"taxonomy":"giftcard-category","embeddable":true,"href":"https:\/\/sexshopbajolassabanas.mx\/index.php?rest_route=%2Fwp%2Fv2%2Fgiftcard-category&post=6966"}],"curies":[{"name":"wp","href":"https:\/\/api.w.org\/{rel}","templated":true}]}}