{"id":7206,"date":"2023-05-05T22:28:03","date_gmt":"2023-05-05T22:28:03","guid":{"rendered":"https:\/\/sexshopbajolassabanas.mx\/?post_type=product&#038;p=7206"},"modified":"2023-05-05T23:00:39","modified_gmt":"2023-05-05T23:00:39","slug":"vibrador-multiorgasmico-parejas","status":"publish","type":"product","link":"https:\/\/sexshopbajolassabanas.mx\/?product=vibrador-multiorgasmico-parejas","title":{"rendered":"Vibrador multiorg\u00e1smico parejas"},"content":{"rendered":"<h3><span style=\"color: #ff00ff;\"><b>\u00a1No hay excusas para disfrutar en pareja, Vibrador multiorg\u00e1smico parejas<\/b><b>!<\/b><\/span><\/h3>\n<p><span style=\"font-weight: 400;\">\u00bfTe gustar\u00eda excitar a tu pareja mientras no estas con ella? Ha llegado a <\/span><a href=\"https:\/\/sexshopbajolassabanas.mx\/\"><span style=\"font-weight: 400;\">Bajo las\u00a0 S\u00e1banas<\/span><\/a> <span style=\"font-weight: 400;\">este <\/span><span style=\"font-weight: 400;\">vibrador para parejas multifun 3 \u00a0de satisfyer<\/span><span style=\"font-weight: 400;\">. <span class=\"Y2IQFc\" lang=\"es\">Este dispositivo sensual sin g\u00e9nero permite el juego creativo en el momento, especialmente para las parejas que desean flexionar su imaginaci\u00f3n. Con su cabezal giratorio de silicona blanda de 180\u00b0, este multi juguete se adapta c\u00f3modamente a todas las posiciones.Adecuado tanto para jugar en solitario como para parejas para enriquecer su actividad sexual.<\/span><\/span><\/p>\n<p><span class=\"Y2IQFc\" lang=\"es\">Con m\u00e1s de 33 aplicaciones posibles, este sensual dispositivo puede envolverse suavemente alrededor del pez\u00f3n, el cl\u00edtoris o los labios, por ejemplo, estimul\u00e1ndolos continuamente hasta alcanzar un cl\u00edmax intenso. El eje suave y aterciopelado con su forma curva se puede insertar c\u00f3modamente en la vagina, estimulando de manera experta el punto G de la mujer. En los hombres, provoca intensas ondas de excitaci\u00f3n en el glande y la base del pene con sus potentes vibraciones. ,<\/span><\/p>\n<p><span class=\"Y2IQFc\" lang=\"es\">Las 29 opciones de aplicaci\u00f3n garantizan horas de juego vers\u00e1til y emocionante<\/span><\/p>\n<p><span class=\"Y2IQFc\" lang=\"es\">100 combinaciones de vibraci\u00f3n 3 motores de alta potencia <\/span><\/p>\n<p><span class=\"Y2IQFc\" lang=\"es\">Incluye cable de carga magn\u00e9tico USB <\/span><\/p>\n<p><span class=\"Y2IQFc\" lang=\"es\">Silicona resistente al agua (IPX7) respetuosa con el cuerpo Bater\u00eda de iones de litio f\u00e1cil de limpiar<\/span><\/p>\n<p><b>Presentaci\u00f3n: <\/b><span style=\"font-weight: 400;\">4.18 de amplitud X 9.14 cm longitud , peso: 79.7\u00a0 g , material: ABS plastic, Silicone.<\/span><span style=\"font-weight: 400;\">\u00a0<\/span><\/p>\n<p><b>Forma de uso<\/b><b>: <\/b><span style=\"font-weight: 400;\"> Penetra la parte inferior y mas delgada en tu vagina mientras al mismo tiempo tu pareja te penetra y as\u00ed le vibra al al mismo tiempo a tu pareja, deja la cara de la ballena satisfaciendo tu cl\u00edtoris,es un multiorg\u00e1smico de parejas incre\u00edble.<\/span><\/p>\n<p><span style=\"font-weight: 400;\">Te recomendamos sabaner@ utilizarlo con <\/span><span style=\"font-weight: 400;\"><a href=\"https:\/\/sexshopbajolassabanas.mx\/?product_cat=lubricantes-vaginales\">lubricantes<\/a> y <a href=\"https:\/\/sexshopbajolassabanas.mx\/?product_cat=aceites-y-velas-eroticas\">aceites<\/a> <\/span><span style=\"font-weight: 400;\">para una sensaci\u00f3n m\u00e1s excitante.<\/span><\/p>\n<p><b>Cuidados:<\/b><span style=\"font-weight: 400;\"> Despu\u00e9s del uso se recomienda limpiarlo \u00a0o con nuestros <\/span><span style=\"font-weight: 400;\"><a href=\"https:\/\/sexshopbajolassabanas.mx\/?product_cat=limpieza-e-higiene\">limpiadores<\/a> para juguetes. <\/span><span style=\"font-weight: 400;\">Cons\u00e9rvese cerrado en un lugar fresco no mayor a 30\u00ba. Prot\u00e9jase de la luz solar y el polvo dentro de su bolsa hipoalerg\u00e9nica.<\/span><\/p>\n","protected":false},"excerpt":{"rendered":"<p><span class=\"Y2IQFc\" lang=\"es\">Tambi\u00e9n se puede usar en una variedad de posiciones sexuales, incluido el estilo perrito o el misionero.<\/span><\/p>\n<p><span class=\"Y2IQFc\" lang=\"es\">Las 29 opciones de aplicaci\u00f3n garantizan horas de juego vers\u00e1til y emocionante<\/span><\/p>\n<p><span class=\"Y2IQFc\" lang=\"es\">100 combinaciones de vibraci\u00f3n 3 motores de alta potencia <\/span><\/p>\n<p><span class=\"Y2IQFc\" lang=\"es\">Incluye cable de carga magn\u00e9tico USB <\/span><\/p>\n<p><span class=\"Y2IQFc\" lang=\"es\">Silicona resistente al agua (IPX7) respetuosa con el cuerpo Bater\u00eda de iones de litio f\u00e1cil de limpiar<\/span><\/p>\n<p>&nbsp;<\/p>\n","protected":false},"featured_media":7210,"comment_status":"open","ping_status":"closed","template":"","meta":{"om_disable_all_campaigns":false,"site-sidebar-layout":"default","site-content-layout":"default","ast-site-content-layout":"","site-content-style":"default","site-sidebar-style":"default","ast-global-header-display":"","ast-banner-title-visibility":"","ast-main-header-display":"","ast-hfb-above-header-display":"disabled","ast-hfb-below-header-display":"","ast-hfb-mobile-header-display":"","site-post-title":"","ast-breadcrumbs-content":"","ast-featured-img":"","footer-sml-layout":"","theme-transparent-header-meta":"default","adv-header-id-meta":"","stick-header-meta":"","header-above-stick-meta":"","header-main-stick-meta":"","header-below-stick-meta":"","astra-migrate-meta-layouts":"default","ast-page-background-enabled":"default","ast-page-background-meta":{"desktop":{"background-color":"","background-image":"","background-repeat":"repeat","background-position":"center center","background-size":"auto","background-attachment":"scroll","background-type":"","background-media":"","overlay-type":"","overlay-color":"","overlay-opacity":"","overlay-gradient":""},"tablet":{"background-color":"","background-image":"","background-repeat":"repeat","background-position":"center center","background-size":"auto","background-attachment":"scroll","background-type":"","background-media":"","overlay-type":"","overlay-color":"","overlay-opacity":"","overlay-gradient":""},"mobile":{"background-color":"","background-image":"","background-repeat":"repeat","background-position":"center center","background-size":"auto","background-attachment":"scroll","background-type":"","background-media":"","overlay-type":"","overlay-color":"","overlay-opacity":"","overlay-gradient":""}},"ast-content-background-meta":{"desktop":{"background-color":"var(--ast-global-color-5)","background-image":"","background-repeat":"repeat","background-position":"center center","background-size":"auto","background-attachment":"scroll","background-type":"","background-media":"","overlay-type":"","overlay-color":"","overlay-opacity":"","overlay-gradient":""},"tablet":{"background-color":"var(--ast-global-color-5)","background-image":"","background-repeat":"repeat","background-position":"center center","background-size":"auto","background-attachment":"scroll","background-type":"","background-media":"","overlay-type":"","overlay-color":"","overlay-opacity":"","overlay-gradient":""},"mobile":{"background-color":"var(--ast-global-color-5)","background-image":"","background-repeat":"repeat","background-position":"center center","background-size":"auto","background-attachment":"scroll","background-type":"","background-media":"","overlay-type":"","overlay-color":"","overlay-opacity":"","overlay-gradient":""}},"_joinchat":[]},"product_cat":[72,48,196,40,71],"product_tag":[],"giftcard-category":[],"class_list":{"0":"post-7206","1":"product","2":"type-product","3":"status-publish","4":"has-post-thumbnail","6":"product_cat-multiorgasmicos","7":"product_cat-sabaneras","8":"product_cat-sabaneres","9":"product_cat-sabaneros","10":"product_cat-vibradores","11":"desktop-align-left","12":"tablet-align-left","13":"mobile-align-left","15":"first","16":"instock","17":"taxable","18":"shipping-taxable","19":"purchasable","20":"product-type-simple"},"yoast_head":"<!-- This site is optimized with the Yoast SEO plugin v20.5 - https:\/\/yoast.com\/wordpress\/plugins\/seo\/ -->\n<title>Vibrador multiorg\u00e1smico parejas - sexshopbajolassabanas.mx<\/title>\n<meta name=\"description\" content=\"Vibrador multiorg\u00e1smico parejas, Tambi\u00e9n se puede usar en una variedad de posiciones sexuales, incluido el estilo perrito o el misionero.\" \/>\n<meta name=\"robots\" content=\"index, follow, max-snippet:-1, max-image-preview:large, max-video-preview:-1\" \/>\n<link rel=\"canonical\" href=\"https:\/\/sexshopbajolassabanas.mx\/?product=vibrador-multiorgasmico-parejas\" \/>\n<meta property=\"og:locale\" content=\"es_MX\" \/>\n<meta property=\"og:type\" content=\"article\" \/>\n<meta property=\"og:title\" content=\"Vibrador multiorg\u00e1smico parejas - sexshopbajolassabanas.mx\" \/>\n<meta property=\"og:description\" content=\"Vibrador multiorg\u00e1smico parejas, Tambi\u00e9n se puede usar en una variedad de posiciones sexuales, incluido el estilo perrito o el misionero.\" \/>\n<meta property=\"og:url\" content=\"https:\/\/sexshopbajolassabanas.mx\/?product=vibrador-multiorgasmico-parejas\" \/>\n<meta property=\"og:site_name\" content=\"sexshopbajolassabanas.mx\" \/>\n<meta property=\"article:modified_time\" content=\"2023-05-05T23:00:39+00:00\" \/>\n<meta property=\"og:image\" content=\"http:\/\/sexshopbajolassabanas.mx\/wp-content\/uploads\/2023\/05\/5-2.png\" \/>\n\t<meta property=\"og:image:width\" content=\"1080\" \/>\n\t<meta property=\"og:image:height\" content=\"1080\" \/>\n\t<meta property=\"og:image:type\" content=\"image\/png\" \/>\n<meta name=\"twitter:card\" content=\"summary_large_image\" \/>\n<meta name=\"twitter:label1\" content=\"Tiempo de lectura\" \/>\n\t<meta name=\"twitter:data1\" content=\"2 minutos\" \/>\n<script type=\"application\/ld+json\" class=\"yoast-schema-graph\">{\"@context\":\"https:\/\/schema.org\",\"@graph\":[{\"@type\":\"WebPage\",\"@id\":\"https:\/\/sexshopbajolassabanas.mx\/?product=vibrador-multiorgasmico-parejas\",\"url\":\"https:\/\/sexshopbajolassabanas.mx\/?product=vibrador-multiorgasmico-parejas\",\"name\":\"Vibrador multiorg\u00e1smico parejas - sexshopbajolassabanas.mx\",\"isPartOf\":{\"@id\":\"https:\/\/sexshopbajolassabanas.mx\/#website\"},\"datePublished\":\"2023-05-05T22:28:03+00:00\",\"dateModified\":\"2023-05-05T23:00:39+00:00\",\"description\":\"Vibrador multiorg\u00e1smico parejas, Tambi\u00e9n se puede usar en una variedad de posiciones sexuales, incluido el estilo perrito o el misionero.\",\"breadcrumb\":{\"@id\":\"https:\/\/sexshopbajolassabanas.mx\/?product=vibrador-multiorgasmico-parejas#breadcrumb\"},\"inLanguage\":\"es\",\"potentialAction\":[{\"@type\":\"ReadAction\",\"target\":[\"https:\/\/sexshopbajolassabanas.mx\/?product=vibrador-multiorgasmico-parejas\"]}]},{\"@type\":\"BreadcrumbList\",\"@id\":\"https:\/\/sexshopbajolassabanas.mx\/?product=vibrador-multiorgasmico-parejas#breadcrumb\",\"itemListElement\":[{\"@type\":\"ListItem\",\"position\":1,\"name\":\"Inicio\",\"item\":\"https:\/\/sexshopbajolassabanas.mx\/\"},{\"@type\":\"ListItem\",\"position\":2,\"name\":\"Tienda\",\"item\":\"https:\/\/sexshopbajolassabanas.mx\/?page_id=38\"},{\"@type\":\"ListItem\",\"position\":3,\"name\":\"Vibrador multiorg\u00e1smico parejas\"}]},{\"@type\":\"WebSite\",\"@id\":\"https:\/\/sexshopbajolassabanas.mx\/#website\",\"url\":\"https:\/\/sexshopbajolassabanas.mx\/\",\"name\":\"sexshopbajolassabanas.mx\",\"description\":\"Sex Shop Bajo Las Sabanas\",\"publisher\":{\"@id\":\"https:\/\/sexshopbajolassabanas.mx\/#organization\"},\"potentialAction\":[{\"@type\":\"SearchAction\",\"target\":{\"@type\":\"EntryPoint\",\"urlTemplate\":\"https:\/\/sexshopbajolassabanas.mx\/?s={search_term_string}\"},\"query-input\":\"required name=search_term_string\"}],\"inLanguage\":\"es\"},{\"@type\":\"Organization\",\"@id\":\"https:\/\/sexshopbajolassabanas.mx\/#organization\",\"name\":\"sexshopbajolassabanas.mx\",\"url\":\"https:\/\/sexshopbajolassabanas.mx\/\",\"logo\":{\"@type\":\"ImageObject\",\"inLanguage\":\"es\",\"@id\":\"https:\/\/sexshopbajolassabanas.mx\/#\/schema\/logo\/image\/\",\"url\":\"https:\/\/sexshopbajolassabanas.mx\/wp-content\/uploads\/2022\/08\/cropped-cropped-Sin-titulo-2_Mesa-de-trabajo-1.png\",\"contentUrl\":\"https:\/\/sexshopbajolassabanas.mx\/wp-content\/uploads\/2022\/08\/cropped-cropped-Sin-titulo-2_Mesa-de-trabajo-1.png\",\"width\":375,\"height\":375,\"caption\":\"sexshopbajolassabanas.mx\"},\"image\":{\"@id\":\"https:\/\/sexshopbajolassabanas.mx\/#\/schema\/logo\/image\/\"}}]}<\/script>\n<!-- \/ Yoast SEO plugin. -->","yoast_head_json":{"title":"Vibrador multiorg\u00e1smico parejas - sexshopbajolassabanas.mx","description":"Vibrador multiorg\u00e1smico parejas, Tambi\u00e9n se puede usar en una variedad de posiciones sexuales, incluido el estilo perrito o el misionero.","robots":{"index":"index","follow":"follow","max-snippet":"max-snippet:-1","max-image-preview":"max-image-preview:large","max-video-preview":"max-video-preview:-1"},"canonical":"https:\/\/sexshopbajolassabanas.mx\/?product=vibrador-multiorgasmico-parejas","og_locale":"es_MX","og_type":"article","og_title":"Vibrador multiorg\u00e1smico parejas - sexshopbajolassabanas.mx","og_description":"Vibrador multiorg\u00e1smico parejas, Tambi\u00e9n se puede usar en una variedad de posiciones sexuales, incluido el estilo perrito o el misionero.","og_url":"https:\/\/sexshopbajolassabanas.mx\/?product=vibrador-multiorgasmico-parejas","og_site_name":"sexshopbajolassabanas.mx","article_modified_time":"2023-05-05T23:00:39+00:00","og_image":[{"width":1080,"height":1080,"url":"http:\/\/sexshopbajolassabanas.mx\/wp-content\/uploads\/2023\/05\/5-2.png","type":"image\/png"}],"twitter_card":"summary_large_image","twitter_misc":{"Tiempo de lectura":"2 minutos"},"schema":{"@context":"https:\/\/schema.org","@graph":[{"@type":"WebPage","@id":"https:\/\/sexshopbajolassabanas.mx\/?product=vibrador-multiorgasmico-parejas","url":"https:\/\/sexshopbajolassabanas.mx\/?product=vibrador-multiorgasmico-parejas","name":"Vibrador multiorg\u00e1smico parejas - sexshopbajolassabanas.mx","isPartOf":{"@id":"https:\/\/sexshopbajolassabanas.mx\/#website"},"datePublished":"2023-05-05T22:28:03+00:00","dateModified":"2023-05-05T23:00:39+00:00","description":"Vibrador multiorg\u00e1smico parejas, Tambi\u00e9n se puede usar en una variedad de posiciones sexuales, incluido el estilo perrito o el misionero.","breadcrumb":{"@id":"https:\/\/sexshopbajolassabanas.mx\/?product=vibrador-multiorgasmico-parejas#breadcrumb"},"inLanguage":"es","potentialAction":[{"@type":"ReadAction","target":["https:\/\/sexshopbajolassabanas.mx\/?product=vibrador-multiorgasmico-parejas"]}]},{"@type":"BreadcrumbList","@id":"https:\/\/sexshopbajolassabanas.mx\/?product=vibrador-multiorgasmico-parejas#breadcrumb","itemListElement":[{"@type":"ListItem","position":1,"name":"Inicio","item":"https:\/\/sexshopbajolassabanas.mx\/"},{"@type":"ListItem","position":2,"name":"Tienda","item":"https:\/\/sexshopbajolassabanas.mx\/?page_id=38"},{"@type":"ListItem","position":3,"name":"Vibrador multiorg\u00e1smico parejas"}]},{"@type":"WebSite","@id":"https:\/\/sexshopbajolassabanas.mx\/#website","url":"https:\/\/sexshopbajolassabanas.mx\/","name":"sexshopbajolassabanas.mx","description":"Sex Shop Bajo Las Sabanas","publisher":{"@id":"https:\/\/sexshopbajolassabanas.mx\/#organization"},"potentialAction":[{"@type":"SearchAction","target":{"@type":"EntryPoint","urlTemplate":"https:\/\/sexshopbajolassabanas.mx\/?s={search_term_string}"},"query-input":"required name=search_term_string"}],"inLanguage":"es"},{"@type":"Organization","@id":"https:\/\/sexshopbajolassabanas.mx\/#organization","name":"sexshopbajolassabanas.mx","url":"https:\/\/sexshopbajolassabanas.mx\/","logo":{"@type":"ImageObject","inLanguage":"es","@id":"https:\/\/sexshopbajolassabanas.mx\/#\/schema\/logo\/image\/","url":"https:\/\/sexshopbajolassabanas.mx\/wp-content\/uploads\/2022\/08\/cropped-cropped-Sin-titulo-2_Mesa-de-trabajo-1.png","contentUrl":"https:\/\/sexshopbajolassabanas.mx\/wp-content\/uploads\/2022\/08\/cropped-cropped-Sin-titulo-2_Mesa-de-trabajo-1.png","width":375,"height":375,"caption":"sexshopbajolassabanas.mx"},"image":{"@id":"https:\/\/sexshopbajolassabanas.mx\/#\/schema\/logo\/image\/"}}]}},"_links":{"self":[{"href":"https:\/\/sexshopbajolassabanas.mx\/index.php?rest_route=\/wp\/v2\/product\/7206","targetHints":{"allow":["GET"]}}],"collection":[{"href":"https:\/\/sexshopbajolassabanas.mx\/index.php?rest_route=\/wp\/v2\/product"}],"about":[{"href":"https:\/\/sexshopbajolassabanas.mx\/index.php?rest_route=\/wp\/v2\/types\/product"}],"replies":[{"embeddable":true,"href":"https:\/\/sexshopbajolassabanas.mx\/index.php?rest_route=%2Fwp%2Fv2%2Fcomments&post=7206"}],"version-history":[{"count":1,"href":"https:\/\/sexshopbajolassabanas.mx\/index.php?rest_route=\/wp\/v2\/product\/7206\/revisions"}],"predecessor-version":[{"id":7216,"href":"https:\/\/sexshopbajolassabanas.mx\/index.php?rest_route=\/wp\/v2\/product\/7206\/revisions\/7216"}],"wp:featuredmedia":[{"embeddable":true,"href":"https:\/\/sexshopbajolassabanas.mx\/index.php?rest_route=\/wp\/v2\/media\/7210"}],"wp:attachment":[{"href":"https:\/\/sexshopbajolassabanas.mx\/index.php?rest_route=%2Fwp%2Fv2%2Fmedia&parent=7206"}],"wp:term":[{"taxonomy":"product_cat","embeddable":true,"href":"https:\/\/sexshopbajolassabanas.mx\/index.php?rest_route=%2Fwp%2Fv2%2Fproduct_cat&post=7206"},{"taxonomy":"product_tag","embeddable":true,"href":"https:\/\/sexshopbajolassabanas.mx\/index.php?rest_route=%2Fwp%2Fv2%2Fproduct_tag&post=7206"},{"taxonomy":"giftcard-category","embeddable":true,"href":"https:\/\/sexshopbajolassabanas.mx\/index.php?rest_route=%2Fwp%2Fv2%2Fgiftcard-category&post=7206"}],"curies":[{"name":"wp","href":"https:\/\/api.w.org\/{rel}","templated":true}]}}